-5*n + 104. What is the remainder when 78 is divided by n?
18
Let p = 11 + 4. Suppose 0*h + h - 4*m - 24 = 0, -m = h - 4. What is the remainder when p is divided by h?
7
Let q(d) = 24*d - 15. Calculate the remainder when q(3) is divided by 16.
9
Let b = 4 + -2. Suppose c - b = -g + 4, -2 = 5*g - 3*c. Suppose -g*n + 2*i = -16, -4*n - 3*i = -55 - 5. Calculate the remainder when 23 is divided by n.
11
Let z(w) = 4*w - 1. Let v(b) = -b**2 + 12*b + 2. Let q(d) = 4*d + 1. Let n be q(2). Calculate the remainder when v(n) is divided by z(4).
14
Let b = 83 + -12. What is the remainder when b is divided by 24?
23
Let l = -146 + 213. Calculate the remainder when l is divided by 17.
16
Let u(l) = -2*l**3 - 9*l**2 + 9*l - 6. What is the remainder when 237 is divided by u(-6)?
45
Suppose 3*k - 2*t - 34 = 0, -5*k = 5*t - 73 - 17. Let r be (-1 + -3)/(2/(-46)). Let j = -66 + r. What is the remainder when j is divided by k?
12
Let i be (-1)/5 - (-24)/20. Calculate the remainder when 14*i - (-4)/(-4) is divided by 5.
3
Let r(n) = 23*n. Calculate the remainder when r(2) is divided by 24.
22
Suppose -d - 4 + 0 = 3*i, -2*d = i + 8. Suppose -q - 3*c + 31 = -c, i = 3*q - c - 107. Suppose -3*g = 11 - q. What is the remainder when g is divided by 5?
3
Suppose n - 3*d - 7 = -1, 5*d = 4*n - 17. Suppose 4*f = -2*y + 38, n*f - 6*f = -5*y - 35. What is the remainder when 18 is divided by f?
8
Let w(g) = g**2 + g + 1. Let d be w(-1). Suppose -3*p - 2*p + 5 = 0. What is the remainder when (d + -2)*(-2 + 1) is divided by p?
0
Suppose 2*f - 2 = -4*g, 9 - 24 = 5*f. Suppose g*d - 117 = -d. What is the remainder when d is divided by 10?
9
Calculate the remainder when (-2 - 796/(-16))/((-3)/(-12)) is divided by 49.
44
Let n = 33 - 33. Suppose -k + 8 = s, 2*k + n*k + 3*s - 11 = 0. Calculate the remainder when (-48)/(-2) - (1 + 0) is divided by k.
10
Let k = 7 + -2. Let i = -2 + k. What is the remainder when 8 is divided by i?
2
Calculate the remainder when 33 is divided by 1/((-10)/24)*-5.
9
Suppose 2*q = 7*q - 20. Suppose 35 + 13 = q*j. Calculate the remainder when 23 is divided by j.
11
Suppose -5*x = -20, 0*x + 158 = 2*r + 2*x. Suppose -l + r = -14. What is the remainder when l is divided by 30?
29
Let w = 0 - -11. Suppose 0 = -2*f - 4*v, -v = -3*f + 13 + 1. Calculate the remainder when w is divided by f.
3
Let k(y) = -y**3 + 4*y**2 + 4*y + 4. Suppose a = 3, -4*o + a - 1 = 2. Suppose o = -0*z - 5*z + 35. Calculate the remainder when k(4) is divided by z.
6
Suppose 0 = 11*y - 4*y - 77. What is the remainder when y is divided by 2?
1
Suppose 4 + 8 = 4*u. Let g(a) = -a**3 + 2*a**2 - a - 2. Let l be g(2). Let c(j) = -3*j - 4. What is the remainder when c(l) is divided by u?
2
Suppose 4*x - 18 - 62 = 0. Suppose -2*w = -6*w + x. Suppose -5*y + 4*b + 82 = 0, -y - w*b = -13 - 15. What is the remainder when 35 is divided by y?
17
Suppose 0 = h - 2*z + 48, -4*h - z - z - 172 = 0. Let p(r) = r**2 + r - 7. Let y be p(8). Let a = h + y. What is the remainder when a is divided by 11?
10
Let p = -94 + 215. What is the remainder when p is divided by 31?
28
What is the remainder when 25 is divided by -3 - -3 - (-3 - 4)?
4
Let f = 64 + -59. Let n(l) = 3*l - l + 0 + 2. What is the remainder when n(6) is divided by f?
4
Suppose 0 = 4*d + 4*s - 116, -s - 2*s = -4*d + 116. Let i(k) = -20*k**2 - 1. Let r be i(-1). Let p = 31 + r. What is the remainder when d is divided by p?
9
Let d = -25 + 51. Suppose -5*k + 2*k = 6. Calculate the remainder when d is divided by (k/4)/((-2)/56).
12
Suppose 19 = -5*y - 3*h + 3, 4*y = 4*h. What is the remainder when (-4 + 3)/(y + 1) is divided by 1?
0
Suppose 0 = 3*o - 109 - 8. Suppose -10 - 10 = -k. What is the remainder when o is divided by k?
19
Let j = -26 - -34. Calculate the remainder when 23 is divided by j.
7
Suppose s - 6*s = -55. Suppose -m - n = -3, 3*m = -5*n + s - 0. Suppose 0 = m*j - 5*x - 6, 3*j - x = 9. Calculate the remainder when 8 is divided by j.
2
Let s = -9 + 13. Suppose 0 = -5*q - s*w + 43 + 5, 0 = -3*q - w + 33. What is the remainder when 22 is divided by q?
10
Suppose 0*t + 4*t + 3*l = 257, 0 = 2*t - 3*l - 115. What is the remainder when t is divided by 33?
29
Let s = 11 - 2. Calculate the remainder when 22 is divided by (0 + 12)*6/s.
6
Let u(y) = -y + 10. Let k be u(11). Calculate the remainder when (k - -1 - -1) + 14 is divided by 8.
7
Let b = -6 + 15. Calculate the remainder when 17 is divided by b.
8
Let v be (-1)/(-2)*(-1 + 1). Suppose v = 5*z - 3*w - 33, -5*z + 3*w + 32 = w. Calculate the remainder when z is divided by (-7 + 1 + 2)*-1.
2
Let j(g) = -2*g + 6. Suppose s - 3*s = 14. What is the remainder when j(s) is divided by 11?
9
Let s = 24 + -8. Suppose b = -3 + 11. What is the remainder when s is divided by (-50)/(-6) - b/(-12)?
7
Let z(i) = 2*i**2 - 21*i + 3. What is the remainder when 26 is divided by z(11)?
12
Suppose -3*a = -2*a - 35. Suppose a = -0*c + 5*c. What is the remainder when 26 is divided by c?
5
Let g(d) = 5*d**2 + 13*d + 13. Calculate the remainder when 163 is divided by g(-4).
40
Calculate the remainder when 9 is divided by 7/(-2)*(-8)/(-28)*-6.
3
Suppose -s - 2 = -0*s. Let d be (s - (32 - 0))/(-1). Suppose 0 = 5*y - 31 - d. What is the remainder when 25 is divided by y?
12
Let m = -99 + 493. Let t = m + -271. Suppose i + 83 = 2*l, -l + 4*l - 2*i = t. What is the remainder when l is divided by 15?
13
Suppose 2*v = -4*n + n + 20, -24 = -2*v - n. Let m(o) = -2 - o**3 + 0*o + 5*o**2 + 3*o - 2*o**2. What is the remainder when v is divided by m(3)?
6
Suppose -7*b + 300 = 41. Let n(c) = -c**3 - 3*c**2 + 8*c + 3. Let f(u) = u**2 - 5. Let d be f(0). What is the remainder when b is divided by n(d)?
11
Suppose 4*j + 3*y - 39 = 0, -3*j + 5*j = -2*y + 18. What is the remainder when 57 is divided by j?
9
Suppose -4*j = -5*q + 289, -j - 113 = 2*q - 44. Let u = j - -123. Calculate the remainder when u is divided by 18.
16
Suppose 2*d + 17 = 3*a, -4*a = 2*d - 3*a + 13. Let z = d + 12. What is the remainder when 7 is divided by z?
2
Let s be (52/65)/(2/(-40)). Let n = -9 - s. What is the remainder when 18 is divided by n?
4
Suppose -v - 1 + 7 = 0. Suppose -45 = 2*n - 5*n + 3*z, -n = 5*z - 21. Calculate the remainder when n is divided by v.
4
Let m(r) = 25*r**2 - r + 3. What is the remainder when 52 is divided by m(1)?
25
Suppose -3*h + 4 = 5*n, h + 6 = -2*h. Let c = -8 + 10. Calculate the remainder when c is divided by n.
0
Let x(k) = 3*k**3 + k**2 - k. Let g = -8 + 10. What is the remainder when x(g) is divided by 14?
12
Suppose -2*i - k + 1 = -3, 0 = k + 2. Suppose -4*p + 56 = i*m, p + 2*m - 14 = -m. Let n = p + 1. Calculate the remainder when n is divided by 8.
7
What is the remainder when 25 is divided by -2 + (3 - 48/(-4))?
12
Suppose 0 = -0*g + 3*g + 9. What is the remainder when 32 is divided by (-1)/g*(-153)/(-3)?
15
Let q be (4/8)/((-1)/(-6)). Suppose 0 = -q*p + 42 - 12. What is the remainder when 28 is divided by p?
8
Let o(w) = 10*w**2 + w + 1. Calculate the remainder when 38 is divided by o(-1).
8
Let a(v) = -2*v + 6. Let u be a(7). Let x = u - -12. Calculate the remainder when 10 is divided by x.
2
Calculate the remainder when 46 is divided by 4/14 + (-164)/(-14).
10
Let c(a) = 9*a**2 + 6*a - 8. What is the remainder when c(3) is divided by 24?
19
Let j = -1 + 26. Calculate the remainder when j is divided by 9.
7
Suppose 0 = -m + 2 + 2, 2*k + m = 16. Suppose 2 = -2*v + 5*r + k, 4*v = 2*r + 40. Calculate the remainder when 23 is divided by v.
11
Let u(w) = 4*w**2 + 2*w. Let k be u(-5). Suppose 0 = -4*i - 2*t + 64, -4*i + k = -3*t + 26. What is the remainder when i is divided by 10?
6
Let f(q) = q**2 + 2. What is the remainder when f(6) is divided by 8?
6
Suppose -4*d - 2 = 14. Let p be (30/d)/((-2)/20). Suppose 2*u + p = 5*u. What is the remainder when u is divided by 13?
12
Let n = 5 + -2. Calculate the remainder when 39 is divided by n.
0
Suppose -q + 21 = 2*q. Suppose -v = -q + 70. What is the remainder when 16 is divided by 4/18 + (-553)/v?
7
Suppose -4*t - 12 + 52 = 0. Calculate the remainder when 39 is divided by t.
9
Suppose -z + 4*z - 153 = 0. Calculate the remainder when z is divided by 18.
15
Suppose -2*z - q + 116 = 0, -z + 290 = 4*z + 5*q. Suppose z = 2*i - i. Suppose -55 + 160 = 7*d. What is the remainder wh